{"id":5827,"date":"2021-01-25T15:14:02","date_gmt":"2021-01-25T14:14:02","guid":{"rendered":"https:\/\/latatoueuse.paris\/?post_type=product&#038;p=5827"},"modified":"2026-05-13T19:07:20","modified_gmt":"2026-05-13T17:07:20","slug":"lot-de-4-bagues","status":"publish","type":"product","link":"https:\/\/latatoueuse.paris\/index.php\/produit\/lot-de-4-bagues\/","title":{"rendered":"Lot de 4 bagues assorties ajustables"},"content":{"rendered":"<p>Lot de 4 bagues en acier \u00e9maill\u00e9.<\/p>\n<p><a href=\"https:\/\/www.google.fr\/url?sa=t&amp;rct=j&amp;q=&amp;esrc=s&amp;source=web&amp;cd=&amp;cad=rja&amp;uact=8&amp;ved=2ahUKEwjh-9Od3Y_xAhVnDGMBHVMhCEsQFjAGegQIAxAD&amp;url=https%3A%2F%2Fsignification-tatouage.fr%2Fsignification-tatouage-coeur%2F&amp;usg=AOvVaw0q6zwogC6fkr_kU2b0O0wb\"><span style=\"font-weight: 400;\">La signification du c\u0153ur<\/span><\/a><span style=\"font-weight: 400;\"> : Ce sont les soldats am\u00e9ricains qui ont import\u00e9 ce symbole typique de l\u2019iconographie Old School. Ils se faisaient tatouer leur nom sur une banni\u00e8re orn\u00e9e d\u2019un c\u0153ur. Le caract\u00e8re ind\u00e9l\u00e9bile du tatouage refl\u00e8te un amour infini pour la personne dont le pr\u00e9nom est inscrit.<\/span><\/p>\n<p><a href=\"https:\/\/www.google.fr\/url?sa=t&amp;rct=j&amp;q=&amp;esrc=s&amp;source=web&amp;cd=&amp;cad=rja&amp;uact=8&amp;ved=2ahUKEwjowsbH24_xAhWnD2MBHRa9AeIQFjAIegQIAhAD&amp;url=https%3A%2F%2Fautourdelafrance.com%2Fsignification-tatouage-hirondelle%2F&amp;usg=AOvVaw0ftLTuWrR4PVyWxCaCTbcw\"><span style=\"font-weight: 400;\">La signification de l\u2019hirondelle<\/span><\/a><span style=\"font-weight: 400;\"> : Ce fut les marins qui arboraient en premier ce symbole. Ils se faisaient tatouer une hirondelle apr\u00e8s chaque long et p\u00e9rilleux voyage. Cet oiseau \u00e9tait annonciateur du retour et symbole d\u2019espoir. Egalement, ce tatouage a \u00e9t\u00e9 repris par les anciens prisonniers, repr\u00e9sentant leur libert\u00e9.<\/span><\/p>\n<p><a href=\"https:\/\/www.cosmopolitan.fr\/,la-fine-fleur-des-tatouages-de-roses,1991850.asp#:~:text=La%20rose%2C%20c'est%20la,beaut%C3%A9%2C%20du%20d%C3%A9sir...&amp;text=Quand%20la%20rose%20blanche%20repr%C3%A9sente,%C3%A0%20la%20Rom%C3%A9o%20et%20Juliette.\"><span style=\"font-weight: 400;\">La signification de la rose<\/span><\/a><span style=\"font-weight: 400;\"> : La rose par son symbole de la f\u00e9minit\u00e9 a travers\u00e9 les civilisations. Effectivement, saviez-vous qu&#8217;\u00e0 l\u2019\u00e9poque des Egyptiens, la rose servait \u00e0 honorer la d\u00e9esse Isis? Plus tard, la rose est devenue le symbole sacr\u00e9 de V\u00e9nus, de la s\u00e9duction et de la beaut\u00e9 f\u00e9minine.<\/span><\/p>\n<p><a href=\"http:\/\/www.cointatouage.com\/motif-de-tatouage\/le-noeud-sa-signification.html\"><span style=\"font-weight: 400;\">La signification du n\u0153ud<\/span><\/a><span style=\"font-weight: 400;\"> : Les liens entrelac\u00e9s du n\u0153ud repr\u00e9sentent l\u2019affection entre deux personnes qui, tels deux rubans nou\u00e9s, ne forment plus qu\u2019une seule et m\u00eame entit\u00e9. Une l\u00e9gende japonaise veut que deux amoureux se fassent chacun tatouer un n\u0153ud sur leurs doigts. Ces n\u0153uds repr\u00e9sentent les extr\u00e9mit\u00e9s d\u2019un fil rouge invisible qui les lie l\u2019un \u00e0 l\u2019autre, tel le destin.<\/span><\/p>\n<p><span style=\"font-weight: 400;\">La Tatoueuse Bijoux propose une large gamme de bijoux personnalisables et raffin\u00e9s, inspir\u00e9e de l\u2019iconographie du tatouage Old School. Nos bijoux sont r\u00e9alis\u00e9s en acier chirurgical pour une tenue irr\u00e9prochable, puis tremp\u00e9s dans un bain d\u2019or fin ou d\u2019argent. Ils sont waterproof, water-r\u00e9sistants et\u00a0 vous accompagneront longtemps !<\/span><\/p>\n<p><span style=\"font-weight: 400;\">C&#8217;est pourquoi, la marque s\u2019adresse \u00e0 toutes les ind\u00e9cises du tatouage qui repoussent inlassablement le jour o\u00f9 elles mettront les pieds dans un salon de tatouage. Mais aussi \u00e0 celles, d\u00e9j\u00e0 tatou\u00e9es, qui souhaitent agr\u00e9menter leurs tatouages par une symbolique suppl\u00e9mentaire. Et enfin, celles, plus novices en la mati\u00e8re, qui se d\u00e9couvriront un nouvel int\u00e9r\u00eat pour la signification des symboles figuratifs du tatouage.\u00a0<\/span><\/p>\n<p><span style=\"font-weight: 400;\">Si vous aimez le lot de 4 bagues, d\u00e9couvrez l&#8217;ensemble des bijoux par lot dans nos boxs.\u00a0<\/span><\/p>\n","protected":false},"excerpt":{"rendered":"<p>Bague r\u00e9glable en acier \u00e9maill\u00e9 dor\u00e9 ou argent\u00e9<\/p>\n<ul>\n<li>Diam\u00e8tre 2 cm<\/li>\n<li>Charm 1 cm<\/li>\n<li>Composition acier chirurgical<\/li>\n<\/ul>\n","protected":false},"featured_media":12946,"template":"","meta":{"inline_featured_image":false},"product_cat":[77,30,82,78,47,92],"product_tag":[81,80],"yoast_head":"<!-- This site is optimized with the Yoast SEO plugin v19.8 - https:\/\/yoast.com\/wordpress\/plugins\/seo\/ -->\n<title>Lot de 4 bagues assorties ajustables - LA TATOUEUSE BIJOUX<\/title>\n<meta name=\"description\" content=\"Lot de 4 bagues en acier chirurgical. Nos bijoux sont inspir\u00e9s du tatouage Old School. Ils r\u00e9sistent \u00e0 l&#039;eau et au temps!\" \/>\n<meta name=\"robots\" content=\"index, follow, max-snippet:-1, max-image-preview:large, max-video-preview:-1\" \/>\n<link rel=\"canonical\" href=\"https:\/\/latatoueuse.paris\/index.php\/produit\/lot-de-4-bagues\/\" \/>\n<meta property=\"og:locale\" content=\"fr_FR\" \/>\n<meta property=\"og:type\" content=\"article\" \/>\n<meta property=\"og:title\" content=\"Lot de 4 bagues assorties ajustables - LA TATOUEUSE BIJOUX\" \/>\n<meta property=\"og:description\" content=\"Lot de 4 bagues en acier chirurgical. Nos bijoux sont inspir\u00e9s du tatouage Old School. Ils r\u00e9sistent \u00e0 l&#039;eau et au temps!\" \/>\n<meta property=\"og:url\" content=\"https:\/\/latatoueuse.paris\/index.php\/produit\/lot-de-4-bagues\/\" \/>\n<meta property=\"og:site_name\" content=\"LA TATOUEUSE\" \/>\n<meta property=\"article:publisher\" content=\"https:\/\/www.facebook.com\/LaTatoueuseBijoux\" \/>\n<meta property=\"article:modified_time\" content=\"2026-05-13T17:07:20+00:00\" \/>\n<meta property=\"og:image\" content=\"https:\/\/latatoueuse.paris\/wp-content\/uploads\/2021\/01\/IMG_5149.jpg\" \/>\n\t<meta property=\"og:image:width\" content=\"1957\" \/>\n\t<meta property=\"og:image:height\" content=\"2034\" \/>\n\t<meta property=\"og:image:type\" content=\"image\/jpeg\" \/>\n<meta name=\"twitter:card\" content=\"summary_large_image\" \/>\n<meta name=\"twitter:label1\" content=\"Dur\u00e9e de lecture estim\u00e9e\" \/>\n\t<meta name=\"twitter:data1\" content=\"2 minutes\" \/>\n<script type=\"application\/ld+json\" class=\"yoast-schema-graph\">{\"@context\":\"https:\/\/schema.org\",\"@graph\":[{\"@type\":\"WebPage\",\"@id\":\"https:\/\/latatoueuse.paris\/index.php\/produit\/lot-de-4-bagues\/\",\"url\":\"https:\/\/latatoueuse.paris\/index.php\/produit\/lot-de-4-bagues\/\",\"name\":\"Lot de 4 bagues assorties ajustables - LA TATOUEUSE BIJOUX\",\"isPartOf\":{\"@id\":\"https:\/\/latatoueuse.paris\/#website\"},\"datePublished\":\"2021-01-25T14:14:02+00:00\",\"dateModified\":\"2026-05-13T17:07:20+00:00\",\"description\":\"Lot de 4 bagues en acier chirurgical. Nos bijoux sont inspir\u00e9s du tatouage Old School. Ils r\u00e9sistent \u00e0 l'eau et au temps!\",\"breadcrumb\":{\"@id\":\"https:\/\/latatoueuse.paris\/index.php\/produit\/lot-de-4-bagues\/#breadcrumb\"},\"inLanguage\":\"fr-FR\",\"potentialAction\":[{\"@type\":\"ReadAction\",\"target\":[\"https:\/\/latatoueuse.paris\/index.php\/produit\/lot-de-4-bagues\/\"]}]},{\"@type\":\"BreadcrumbList\",\"@id\":\"https:\/\/latatoueuse.paris\/index.php\/produit\/lot-de-4-bagues\/#breadcrumb\",\"itemListElement\":[{\"@type\":\"ListItem\",\"position\":1,\"name\":\"Accueil\",\"item\":\"https:\/\/latatoueuse.paris\/\"},{\"@type\":\"ListItem\",\"position\":2,\"name\":\"Nos Bijoux\",\"item\":\"https:\/\/latatoueuse.paris\/index.php\/nos-bijoux\/\"},{\"@type\":\"ListItem\",\"position\":3,\"name\":\"Lot de 4 bagues assorties ajustables\"}]},{\"@type\":\"WebSite\",\"@id\":\"https:\/\/latatoueuse.paris\/#website\",\"url\":\"https:\/\/latatoueuse.paris\/\",\"name\":\"LA TATOUEUSE.PARIS\",\"description\":\"BIJOUX ACIER INOXYDABLE\",\"publisher\":{\"@id\":\"https:\/\/latatoueuse.paris\/#organization\"},\"potentialAction\":[{\"@type\":\"SearchAction\",\"target\":{\"@type\":\"EntryPoint\",\"urlTemplate\":\"https:\/\/latatoueuse.paris\/?s={search_term_string}\"},\"query-input\":\"required name=search_term_string\"}],\"inLanguage\":\"fr-FR\"},{\"@type\":\"Organization\",\"@id\":\"https:\/\/latatoueuse.paris\/#organization\",\"name\":\"LA TATOUEUSE BIJOUX\",\"url\":\"https:\/\/latatoueuse.paris\/\",\"sameAs\":[\"https:\/\/www.instagram.com\/latatoueusebijoux\/\",\"https:\/\/www.facebook.com\/LaTatoueuseBijoux\"],\"logo\":{\"@type\":\"ImageObject\",\"inLanguage\":\"fr-FR\",\"@id\":\"https:\/\/latatoueuse.paris\/#\/schema\/logo\/image\/\",\"url\":\"https:\/\/latatoueuse.paris\/wp-content\/uploads\/2021\/06\/coeur-rouge-_by-CA_-noir.png\",\"contentUrl\":\"https:\/\/latatoueuse.paris\/wp-content\/uploads\/2021\/06\/coeur-rouge-_by-CA_-noir.png\",\"width\":1417,\"height\":1417,\"caption\":\"LA TATOUEUSE BIJOUX\"},\"image\":{\"@id\":\"https:\/\/latatoueuse.paris\/#\/schema\/logo\/image\/\"}}]}<\/script>\n<!-- \/ Yoast SEO plugin. -->","yoast_head_json":{"title":"Lot de 4 bagues assorties ajustables - LA TATOUEUSE BIJOUX","description":"Lot de 4 bagues en acier chirurgical. Nos bijoux sont inspir\u00e9s du tatouage Old School. Ils r\u00e9sistent \u00e0 l'eau et au temps!","robots":{"index":"index","follow":"follow","max-snippet":"max-snippet:-1","max-image-preview":"max-image-preview:large","max-video-preview":"max-video-preview:-1"},"canonical":"https:\/\/latatoueuse.paris\/index.php\/produit\/lot-de-4-bagues\/","og_locale":"fr_FR","og_type":"article","og_title":"Lot de 4 bagues assorties ajustables - LA TATOUEUSE BIJOUX","og_description":"Lot de 4 bagues en acier chirurgical. Nos bijoux sont inspir\u00e9s du tatouage Old School. Ils r\u00e9sistent \u00e0 l'eau et au temps!","og_url":"https:\/\/latatoueuse.paris\/index.php\/produit\/lot-de-4-bagues\/","og_site_name":"LA TATOUEUSE","article_publisher":"https:\/\/www.facebook.com\/LaTatoueuseBijoux","article_modified_time":"2026-05-13T17:07:20+00:00","og_image":[{"width":1957,"height":2034,"url":"https:\/\/latatoueuse.paris\/wp-content\/uploads\/2021\/01\/IMG_5149.jpg","type":"image\/jpeg"}],"twitter_card":"summary_large_image","twitter_misc":{"Dur\u00e9e de lecture estim\u00e9e":"2 minutes"},"schema":{"@context":"https:\/\/schema.org","@graph":[{"@type":"WebPage","@id":"https:\/\/latatoueuse.paris\/index.php\/produit\/lot-de-4-bagues\/","url":"https:\/\/latatoueuse.paris\/index.php\/produit\/lot-de-4-bagues\/","name":"Lot de 4 bagues assorties ajustables - LA TATOUEUSE BIJOUX","isPartOf":{"@id":"https:\/\/latatoueuse.paris\/#website"},"datePublished":"2021-01-25T14:14:02+00:00","dateModified":"2026-05-13T17:07:20+00:00","description":"Lot de 4 bagues en acier chirurgical. Nos bijoux sont inspir\u00e9s du tatouage Old School. Ils r\u00e9sistent \u00e0 l'eau et au temps!","breadcrumb":{"@id":"https:\/\/latatoueuse.paris\/index.php\/produit\/lot-de-4-bagues\/#breadcrumb"},"inLanguage":"fr-FR","potentialAction":[{"@type":"ReadAction","target":["https:\/\/latatoueuse.paris\/index.php\/produit\/lot-de-4-bagues\/"]}]},{"@type":"BreadcrumbList","@id":"https:\/\/latatoueuse.paris\/index.php\/produit\/lot-de-4-bagues\/#breadcrumb","itemListElement":[{"@type":"ListItem","position":1,"name":"Accueil","item":"https:\/\/latatoueuse.paris\/"},{"@type":"ListItem","position":2,"name":"Nos Bijoux","item":"https:\/\/latatoueuse.paris\/index.php\/nos-bijoux\/"},{"@type":"ListItem","position":3,"name":"Lot de 4 bagues assorties ajustables"}]},{"@type":"WebSite","@id":"https:\/\/latatoueuse.paris\/#website","url":"https:\/\/latatoueuse.paris\/","name":"LA TATOUEUSE.PARIS","description":"BIJOUX ACIER INOXYDABLE","publisher":{"@id":"https:\/\/latatoueuse.paris\/#organization"},"potentialAction":[{"@type":"SearchAction","target":{"@type":"EntryPoint","urlTemplate":"https:\/\/latatoueuse.paris\/?s={search_term_string}"},"query-input":"required name=search_term_string"}],"inLanguage":"fr-FR"},{"@type":"Organization","@id":"https:\/\/latatoueuse.paris\/#organization","name":"LA TATOUEUSE BIJOUX","url":"https:\/\/latatoueuse.paris\/","sameAs":["https:\/\/www.instagram.com\/latatoueusebijoux\/","https:\/\/www.facebook.com\/LaTatoueuseBijoux"],"logo":{"@type":"ImageObject","inLanguage":"fr-FR","@id":"https:\/\/latatoueuse.paris\/#\/schema\/logo\/image\/","url":"https:\/\/latatoueuse.paris\/wp-content\/uploads\/2021\/06\/coeur-rouge-_by-CA_-noir.png","contentUrl":"https:\/\/latatoueuse.paris\/wp-content\/uploads\/2021\/06\/coeur-rouge-_by-CA_-noir.png","width":1417,"height":1417,"caption":"LA TATOUEUSE BIJOUX"},"image":{"@id":"https:\/\/latatoueuse.paris\/#\/schema\/logo\/image\/"}}]}},"_links":{"self":[{"href":"https:\/\/latatoueuse.paris\/index.php\/wp-json\/wp\/v2\/product\/5827"}],"collection":[{"href":"https:\/\/latatoueuse.paris\/index.php\/wp-json\/wp\/v2\/product"}],"about":[{"href":"https:\/\/latatoueuse.paris\/index.php\/wp-json\/wp\/v2\/types\/product"}],"wp:featuredmedia":[{"embeddable":true,"href":"https:\/\/latatoueuse.paris\/index.php\/wp-json\/wp\/v2\/media\/12946"}],"wp:attachment":[{"href":"https:\/\/latatoueuse.paris\/index.php\/wp-json\/wp\/v2\/media?parent=5827"}],"wp:term":[{"taxonomy":"product_cat","embeddable":true,"href":"https:\/\/latatoueuse.paris\/index.php\/wp-json\/wp\/v2\/product_cat?post=5827"},{"taxonomy":"product_tag","embeddable":true,"href":"https:\/\/latatoueuse.paris\/index.php\/wp-json\/wp\/v2\/product_tag?post=5827"}],"curies":[{"name":"wp","href":"https:\/\/api.w.org\/{rel}","templated":true}]}}